ainder when 1055 is divided by 32.
31
What is the remainder when 16677 is divided by 12?
9
Calculate the remainder when 879 is divided by 14.
11
What is the remainder when 576 is divided by 285?
6
Calculate the remainder when 175 is divided by 98.
77
What is the remainder when 131 is divided by 41?
8
Calculate the remainder when 296 is divided by 205.
91
Calculate the remainder when 193 is divided by 52.
37
What is the remainder when 694 is divided by 153?
82
Calculate the remainder when 148 is divided by 19.
15
Calculate the remainder when 1039 is divided by 346.
1
Calculate the remainder when 360 is divided by 19.
18
Calculate the remainder when 405 is divided by 40.
5
Calculate the remainder when 32 is divided by 10.
2
What is the remainder when 205 is divided by 18?
7
Calculate the remainder when 86 is divided by 18.
14
What is the remainder when 10 is divided by 2?
0
Calculate the remainder when 3244 is divided by 252.
220
Calculate the remainder when 273 is divided by 28.
21
Calculate the remainder when 260 is divided by 53.
48
What is the remainder when 417 is divided by 7?
4
Calculate the remainder when 2382 is divided by 94.
32
What is the remainder when 422 is divided by 81?
17
Calculate the remainder when 260 is divided by 14.
8
What is the remainder when 213 is divided by 90?
33
What is the remainder when 1451 is divided by 121?
120
What is the remainder when 235 is divided by 8?
3
What is the remainder when 1285 is divided by 421?
22
Calculate the remainder when 147 is divided by 38.
33
What is the remainder when 603 is divided by 129?
87
What is the remainder when 9855 is divided by 116?
111
What is the remainder when 281 is divided by 13?
8
Calculate the remainder when 132 is divided by 121.
11
What is the remainder when 124 is divided by 33?
25
Calculate the remainder when 44 is divided by 30.
14
Calculate the remainder when 4357 is divided by 156.
145
What is the remainder when 1051 is divided by 133?
120
What is the remainder when 247 is divided by 3?
1
Calculate the remainder when 86 is divided by 8.
6
Calculate the remainder when 811 is divided by 254.
49
What is the remainder when 125 is divided by 33?
26
Calculate the remainder when 2419 is divided by 10.
9
Calculate the remainder when 537 is divided by 126.
33
Calculate the remainder when 18 is divided by 13.
5
What is the remainder when 206 is divided by 42?
38
What is the remainder when 79 is divided by 40?
39
What is the remainder when 916 is divided by 9?
7
Calculate the remainder when 823 is divided by 282.
259
What is the remainder when 1445 is divided by 8?
5
What is the remainder when 256 is divided by 52?
48
Calculate the remainder when 47 is divided by 5.
2
What is the remainder when 1461 is divided by 53?
30
What is the remainder when 137 is divided by 16?
9
What is the remainder when 521 is divided by 490?
31
What is the remainder when 460 is divided by 95?
80
What is the remainder when 69 is divided by 8?
5
Calculate the remainder when 50 is divided by 44.
6
Calculate the remainder when 98 is divided by 50.
48
Calculate the remainder when 430 is divided by 421.
9
Calculate the remainder when 103 is divided by 23.
11
Calculate the remainder when 1015 is divided by 46.
3
Calculate the remainder when 147 is divided by 73.
1
Calculate the remainder when 172 is divided by 104.
68
Calculate the remainder when 142 is divided by 24.
22
Calculate the remainder when 24 is divided by 14.
10
What is the remainder when 997 is divided by 127?
108
What is the remainder when 1420 is divided by 453?
61
What is the remainder when 88 is divided by 23?
19
Calculate the remainder when 801 is divided by 12.
9
Calculate the remainder when 677 is divided by 35.
12
What is the remainder when 34955 is divided by 22?
19
Calculate the remainder when 1231 is divided by 11.
10
Calculate the remainder when 26 is divided by 23.
3
What is the remainder when 636 is divided by 92?
84
Calculate the remainder when 2867 is divided by 481.
462
Calculate the remainder when 2178 is divided by 30.
18
Calculate the remainder when 1313 is divided by 16.
1
Calculate the remainder when 679 is divided by 17.
16
Calculate the remainder when 457 is divided by 231.
226
What is the remainder when 260 is divided by 33?
29
Calculate the remainder when 814 is divided by 811.
3
Calculate the remainder when 13 is divided by 8.
5
Calculate the remainder when 2365 is divided by 265.
245
Calculate the remainder when 4423 is divided by 201.
1
Calculate the remainder when 42 is divided by 8.
2
Calculate the remainder when 2366 is divided by 12.
2
What is the remainder when 91 is divided by 38?
15
What is the remainder when 358 is divided by 30?
28
What is the remainder when 196 is divided by 34?
26
Calculate the remainder when 401 is divided by 29.
24
Calculate the remainder when 672 is divided by 45.
42
What is the remainder when 117 is divided by 42?
33
Calculate the remainder when 2158 is divided by 20.
18
Calculate the remainder when 256 is divided by 35.
11
What is the remainder when 1324 is divided by 34?
32
What is the remainder when 2 is divided by 2?
0
Calculate the remainder when 1479 is divided by 39.
36
Calculate the remainder when 332 is divided by 81.
8
Calculate the remainder when 124 is divided by 12.
4
Calculate the remainder when 57 is divided by 34.
23
Calculate the remainder when 735 is divided by 18.
15
What is the remainder when 488 is divided by 247?
241
Calculate the remainder when 230 is divided by 58.
56
What is the remainder when 2291 is divided by 56?
51
Calculate the remainder when 1450 is divided by 11.
9
Calculate the remainder when 346 is divided by 190.
156
What is the remainder when 53 is divided by 16?
5
Calculate the remainder when 383 is divided by 74.
13
Calculate the remainder when 9 is divided by 1.
0
Calculate the remainder when 76 is divided by 33.
10
What is the remainder when 274 is divided by 25?
24
Calculate the remainder when 162 is divided by 48.
18
What is the remainder when 688 is divided by 48?
16
What is the remainder when 525 is divided by 8?
5
Calculate the remainder when 3568 is divided by 21.
19
Calculate the remainder when 853 is divided by 19.
17
Calculate the remainder when 691 is divided by 77.
75
Calculate the remainder when 965 is divided by 93.
35
What is the remainder when 8267 is divided by 88?
83
What is the remainder when 327 is divided by 27?
3
What is the remainder when 332 is divided by 48?
44
What is the remainder when 222 is divided by 8?
6
What is the remainder when 3373 is divided by 186?
25
What is the remainder when 1242 is divided by 337?
231
What is the remainder when 724 is divided by 52?
48
What is the remainder when 13981 is divided by 177?
175
What is the remainder when 74 is divided by 43?
31
Calculate the remainder when 2140 is divided by 8.
4
What is the remainder when 954 is divided by 21?
9
What is the remainder when 2576 is divided by 129?
125
Calculate the remainder when 1329 is divided by 38.
37
Calculate the remainder when 722 is divided by 357.
8
Calculate the remainder when 323 is divided by 47.
41
What is the remainder when 911 is divided by 102?
95
What is the remainder when 53 is divided by 10?
3
What is the remainder when 173 is divided by 102?
71
What is the remainder when 41 is divided by 5?
1
What is the remainder when 172 is divided by 64?
44
Calculate the remainder when 701 is divided by 24.
5
Calculate the remainder when 890 is divided by 8.
2
Calculate the remainder when 2129 is divided by 27.
23
What is the remainder when 3421 is divided by 29?
28
What is the remainder when 1021 is divided by 246?
37
Calculate the remainder when 311 is divided by 14.
3
Calculate the remainder when 477 is divided by 472.
5
Calculate the remainder when 21 is divided by 16.
5
Calculate the remainder when 6822 is divided by 44.
2
What is the remainder when 87 is divided by 29?
0
What is the remainder when 14308 is divided by 54?
52
Calculate the remainder when 947 is divided by 97.
74
What is the remainder when 2598 is divided by 855?
33
Calculate the remainder when 148 is divided by 40.
28
Calculate the remainder when 609 is divided by 45.
24
Calculate the remainder when 763 is divided by 730.
33
Calculate the remainder when 4335